2, 59
Suppose -2*u - 3 = -5*a - 3*u, 12 = -2*a + 4*u. Suppose 0*j + 4*j = a. Suppose j = c + 3 - 14. What are the prime factors of c?
11
Suppose -291*v - 2555750 = -416*v. What are the prime factors of v?
2, 10223
Let c(d) = 2*d**3 + 17*d**2 + 14*d + 10. Let u be c(-6). Let y = 100 - u. What are the prime factors of (24/30)/(y/(-195))?
2, 13
Let i(j) be the third derivative of j**5 - j**4/12 - j**3/2 - 12*j**2 + 2. List the prime factors of i(-1).
59
Let s be (-4)/(-26) - (-512)/52. Suppose -s*g - 2*g = -6480. What are the prime factors of g?
2, 3, 5
Let g(f) = 7*f - 13. Let w = -58 - -60. Suppose 0 = 7*c - w*c - 10, 0 = a - 3*c. What are the prime factors of g(a)?
29
Let u(w) = 1429*w + 200. What are the prime factors of u(3)?
7, 641
Let g be 542241/819 - (-2)/(-26). Let b = 1164 - g. List the prime factors of b.
2, 251
Let w = 73 + -81. Let p be (w/(-12))/((3/(-9))/(-1)). Suppose 0*r - 16 = -p*r. List the prime factors of r.
2
List the prime factors of (-112)/6*(-42 - (-6924)/(-7)).
2, 3, 401
List the prime factors of ((-32)/5)/(-4)*(35/7 - -8155).
2, 3, 17
Let s = -40 + 42. Let g(n) = 13*n**3 + 2*n - 6. Let v(b) = b - 1. Let p(w) = g(w) - v(w). What are the prime factors of p(s)?
101
Suppose 5*z - 378 + 1438 = 0. List the prime factors of (5830/z)/((-1)/(34 + 0)).
5, 11, 17
Let n be (3012*1)/(2*9/(-12)). Let p = n + 3563. List the prime factors of 14/175*p + (-6)/(-10).
5
Let g(f) = 7*f**2 - 3*f - 2. Let m be g(3). Let t = -52 + m. Suppose 3*r - 25 - 266 = t. What are the prime factors of r?
97
Suppose 0 = -41*l + 3223 + 3747. Suppose n + 10 + 42 = 0. Let a = n + l. What are the prime factors of a?
2, 59
Let g(w) = -w**2 - 132*w - 337. List the prime factors of g(-103).
2, 5, 53
Suppose -4*t + 5*t = -2*l + 9, 0 = -5*l - 5*t + 20. Suppose -4*z = 2*y - 358, 2*y + 2*z = l*z + 379. What are the prime factors of y?
5, 37
Let h(c) = -4969*c - 43. What are the prime factors of h(-2)?
5, 1979
Let i be (324/(-153) + (-2)/(-17))/2. Let s be 2/((i/4)/((-2)/(-2))). List the prime factors of (s + (8 - 5))/(3/(-87)).
5, 29
Let w be (-80)/(-50) + 4154/10. What are the prime factors of -5 - (-3 + (-5 - w))?
2, 3, 5, 7
Suppose -33 - 22 = -5*q. Suppose -16*h - 75 = -q*h. Let n = 187 + h. What are the prime factors of n?
2, 43
Let m(n) = 4*n + 13. Let c be m(-4). What are the prime factors of (-1 - 5)/c*(-266)/(-4)?
7, 19
Suppose 118684 = 14*c + 34820 - 56850. What are the prime factors of c?
19, 23
Let a = -44352 - -86406. Suppose a = -2*j + 45*j. What are the prime factors of j?
2, 3, 163
Let o(m) = -m**3 - 7*m**2 - 3*m + 2. Let s be o(-8). Let i = s - -39. Suppose -4*u + 568 = 5*a, -i = -u - 0*a + 2*a. What are the prime factors of u?
137
Suppose -22026 - 380221 = -20*j + 605753. What are the prime factors of j?
2, 3, 5, 7
Suppose -r + 694 = 3*x - 5318, x + 5 = 0. List the prime factors of r.
3, 7, 41
Suppose 6661*j = 6683*j - 811910. List the prime factors of j.
5, 11, 61
What are the prime factors of (-57)/38*(-30884)/6*1?
7, 1103
Let u be 4826/(-4) - (-51)/34. Let x = 2618 + u. What are the prime factors of x?
3, 157
Let v = 5929 - -34291. What are the prime factors of v?
2, 5, 2011
What are the prime factors of ((-32)/40)/(1/(-3) + (-59547)/(-178695))?
2, 11, 19
Suppose 11*j + 4*b + 13 = 8*j, 0 = 4*j + 4*b + 16. Let v(s) = -413*s + 69. What are the prime factors of v(j)?
2, 3, 109
Suppose -4*k + 5*f + 1 = 0, -k + 3*k - 1 = 3*f. Let z be (k - 3) + 916 + 0 + 0. Suppose -458 - z = -5*p. What are the prime factors of p?
2, 137
Suppose 293808 = 24*x + 3288. List the prime factors of x.
3, 5, 269
Suppose 5*j - 13 = 3*i - 2*i, 5*i + j - 13 = 0. Suppose -720 = -11*n + i*n. List the prime factors of n.
2, 5
Let f(u) = 14*u**2 - 7*u - 8. Let o be f(8). Suppose -2*m = 2*y - 8, -4*y - 15*m + 19 = -12*m. Suppose -o = y*l - 11*l. List the prime factors of l.
2, 13
Let w be (-8)/((-4)/(9 - 1)) + 2. Suppose 4*u - w = -2*u. Suppose -u*k + 33 = -264. List the prime factors of k.
3, 11
Let n(v) = 33*v + 13. Suppose 3*d + 2*d - 20 = 0. Suppose -8*r + 12 = -d*r. List the prime factors of n(r).
2, 7
Suppose 5*t - 20 = 101*q - 104*q, 5*t = q. Suppose 4*k - 3883 = -5*i, 6*i - q*k = 11*i - 3885. List the prime factors of i.
5, 31
Suppose 2*d - 4 + 30 = 0. Let t(x) = -x**3 - 5*x**2 + 5*x - 4. Let u be t(-6). What are the prime factors of -1*(d + (-2 - u))?
17
List the prime factors of 7/98 + 48/(-40) + 26379195/350.
2, 9421
Let v = -26438 + 47169. What are the prime factors of v?
20731
List the prime factors of 3 + (-638)/209 + (-1840461)/(-133).
2, 11, 17, 37
Let i(l) = 105*l**2 - 2*l - 1. Suppose 4*q - 12 = -0*q - 2*r, -r = -2. List the prime factors of i(q).
5, 83
What are the prime factors of 2662*39/26 - 8?
5, 797
Suppose 6*p - 64 - 140 = 0. Let b = -39 + p. What are the prime factors of (0 - 46)*1*b/2?
5, 23
Let g = -4484 + 16275. What are the prime factors of g?
13, 907
What are the prime factors of (520/(-14))/(-3 - (-1569)/525)?
2, 5, 13
What are the prime factors of (-9)/(-6) - 0 - (280695/(-6) + -20)?
2, 11701
Suppose -103*k + 57*k + 158470 = 0. List the prime factors of k.
5, 13, 53
Suppose -7*r + 76 = 12*r. Let d be (-11 + -1)/(-12 + 10). Suppose -r*j = -d*j + 474. What are the prime factors of j?
3, 79
List the prime factors of (-15 + -3 + -1310)*-11.
2, 11, 83
Let l(q) = 0*q + 4*q**2 - 32 - 4*q**2 - q**2 + 20*q. Let z be l(18). Suppose 2*c - 8 = -g + 143, z*c = g + 287. List the prime factors of c.
73
Let h(f) = -40*f**3 + f**2 + 19*f - 10. What are the prime factors of h(-4)?
2, 3, 5, 83
Suppose 13*k - 38219 = 8*k + 4*v, -3*v = 4*k - 30569. List the prime factors of k.
7643
Let d(w) = 2*w**2 + 2*w - 19. Let t(j) = -14*j + 8. Let r be t(-2). Suppose 3*y + l - 3*l - 22 = 0, 3*l + r = 5*y. List the prime factors of d(y).
5, 13
Let j be (3 - 2)*-3 + 4 + -1. Suppose -2*g = -3*z - j*z, z = 3*g. Suppose g = -s - 2*t + 73 + 22, 3*s + t = 280. List the prime factors of s.
3, 31
What are the prime factors of (-2)/1 + 4445 + -45 + 41?
23, 193
Let r be (754*(-2)/(-8))/(3/(-6)). Let g = r + 262. What are the prime factors of 2 + (-22)/10 - 11523/g?
2, 5
What are the prime factors of (-36524)/(-8)*12/(-8 + 10)?
3, 23, 397
Let k = -74 - -75. Suppose -17 + k = -4*i. Suppose -i*c + 858 = -3*a + 198, 0 = -5*c - 4*a + 794. List the prime factors of c.
2, 3
Let t = -2645 + 4454. What are the prime factors of t?
3, 67
List the prime factors of 4/(-14)*2 + (2188200/98 - 13).
5, 4463
Let o(n) = -n**2 + 38*n + 29. Let k be o(13). Let c = -261 + k. List the prime factors of c.
3, 31
Let t(x) = -x**2 - 17*x - 9. Let s be t(-14). Suppose s + 3 = 9*v. Suppose -3*y - 107 = -5*q + y, v*y = q - 15. List the prime factors of q.
23
Let q be (-8562)/(-4) - (-13)/26. Suppose q = -22*f + 27*f - 4*b, -b + 846 = 2*f. What are the prime factors of f?
5, 17
Let l = 45035 - 15467. List the prime factors of l.
2, 3, 7, 11
Let w(x) = -x**3 + 6*x**2 - 5*x + 2. Let m be w(2). Suppose 12 = -2*v + z - m, 0 = -3*z. Let j(o) = -o**2 - 13*o - 22. What are the prime factors of j(v)?
2
List the prime factors of (19938/8)/((-51)/(-136)) + -6.
2, 5, 83
Let d(c) = 11*c**2 - 44*c - 1733. List the prime factors of d(-37).
2, 7477
What are the prime factors of (42/28)/(3/4064)?
2, 127
Suppose 0 = 90*n - 80*n + 20. What are the prime factors of (-2 + 985/n)*-2?
23, 43
Suppose 0 = -4*o, -2*y + 6*y + 9*o = 49940 + 10772. What are the prime factors of y?
2, 7589
Let o be ((-870)/4)/(3 + 26/(-8)). Suppose 0 = 3*h + 2*g - 1293, -h - h = 4*g - o. Suppose 0 = 5*r, 4*y - h = 3*r + 51. What are the prime factors of y?
2, 3, 5
Suppose 548*x + 522974 = 3335329 + 14592125. What are the prime factors of x?
2, 5, 397
Let y(h) = 33*h - 172. Let i be y(7). Suppose 423 = -i*q + 68*q. What are the prime factors of q?
47
Suppose 10 - 78 = n + 5*l, 3*l = -2*n - 115. Let i = n - -55. Suppose -i*x = -a + 91, 3*a - 3*x - 289 = -19. List the prime factors of a.
89
Suppose m - 30 = -9*m. Suppose -1261 + 457 = -m*n. List the prime factors of n.
2, 67
Let n = 92 - 88. Suppose 4 = n*w - 44. Suppose -10*f = -w*f + 66. List the prime factors of f.
3, 11
Suppose -2*i - 4 = 3*j - j, -4*i = 8. Let y be j + (-210)/(-66) + 4/(-22). Suppose -3*d + 324 + 185 = 2*a, 5*a + y*d = 1250. What are the prime factors of a?
13, 19
Suppose -4*b + 17572 = 4*u, 0